to base 7
44451
Convert 106364 (base 7) to base 14.
6d34
1323 (base 4) to base 15
83
1110110210 (base 3) to base 8
70150
What is a24 (base 12) in base 6?
10444
Convert 38 (base 9) to base 8.
43
What is -11a53 (base 11) in base 5?
-1022430
What is 6005 (base 7) in base 8?
4017
1010110100 (base 2) to base 16
2b4
What is 51042 (base 6) in base 12?
3a82
What is -5e0 (base 16) in base 10?
-1504
What is -2385 (base 9) in base 8?
-3362
Convert -22a8 (base 12) to base 5.
-110442
Convert -11011 (base 6) to base 9.
-2067
Convert 261 (base 15) to base 5.
4131
-1000111011011 (base 2) to base 13
-2108
What is 1010100011011111 (base 2) in base 11?
2a531
What is -36495 (base 10) in base 2?
-1000111010001111
What is 1236 (base 10) in base 4?
103110
1181 (base 11) to base 5
22131
Convert -17664 (base 9) to base 4.
-2332300
Convert 121 (base 16) to base 11.
243
Convert -10002121212 (base 3) to base 13.
-21995
3231 (base 4) to base 11
1a6
Convert -111010001 (base 2) to base 16.
-1d1
Convert 5d3 (base 15) to base 2.
10100101011
Convert -110243 (base 9) to base 12.
-32103
Convert -308 (base 9) to base 15.
-11b
107a (base 13) to base 11
17aa
-1a0a8 (base 11) to base 2
-110110110100101
Convert -15a (base 14) to base 9.
-336
Convert 4612 (base 14) to base 13.
5700
7a8 (base 13) to base 6
10041
-53031 (base 8) to base 5
-1201131
22625 (base 7) to base 12
3435
Convert 17a4 (base 12) to base 10.
2860
What is 70007 (base 9) in base 8?
131556
Convert 310030 (base 4) to base 7.
12511
Convert 7360 (base 8) to base 11.
2967
Convert -556 (base 14) to base 16.
-420
34c5 (base 15) to base 16
2bca
What is -21333 (base 5) in base 10?
-1468
What is -249 (base 10) in base 4?
-3321
What is 10010220 (base 3) in base 12?
13b0
31130 (base 6) to base 14
1730
Convert -213012 (base 4) to base 2.
-100111000110
4d67 (base 15) to base 12
968a
Convert -971 (base 10) to base 14.
-4d5
What is -bdb (base 16) in base 2?
-101111011011
Convert 143661 (base 8) to base 5.
3113441
What is -435 (base 6) in base 5?
-1132
-3713 (base 16) to base 12
-81ab
Convert 10101000101000 (base 2) to base 12.
62b4
Convert 5449 (base 10) to base 4.
1111021
What is 2048 (base 10) in base 9?
2725
Convert 495 (base 16) to base 15.
533
What is 1649 (base 12) in base 15?
bb9
What is -192b (base 12) in base 13?
-1514
863 (base 13) to base 8
2631
What is -11110111010000 (base 2) in base 9?
-23632
Convert 22d9 (base 15) to base 11.
5621
Convert 233244 (base 5) to base 9.
12676
-54614 (base 7) to base 9
-20682
Convert -1100001100 (base 2) to base 15.
-370
-752 (base 9) to base 13
-383
2309 (base 12) to base 13
1a0a
-10330 (base 4) to base 3
-102201
What is -111214 (base 6) in base 11?
-7049
-abd (base 15) to base 14
-c56
Convert 141324 (base 5) to base 14.
21b1
What is -4633 (base 9) in base 3?
-11201010
Convert -2052 (base 14) to base 8.
-12670
Convert -1146 (base 14) to base 6.
-21522
17b25 (base 13) to base 10
45830
What is 2269 (base 11) in base 9?
4070
29720 (base 11) to base 15
c73a
-14c82 (base 14) to base 12
-26016
Convert 56b (base 13) to base 5.
12214
1001110101 (base 2) to base 13
395
-2080 (base 10) to base 12
-1254
Convert -111 (base 2) to base 14.
-7
b (base 16) to base 2
1011
Convert 354 (base 12) to base 14.
276
What is -4244 (base 6) in base 11?
-7a7
What is -111100001 (base 2) in base 7?
-1255
What is 12022 (base 3) in base 11?
120
What is 161146 (base 7) in base 9?
47354
What is -331001 (base 4) in base 15?
-1255
What is -15241 (base 6) in base 7?
-10132
What is 4320 (base 5) in base 9?
720
Convert 10022 (base 6) to base 5.
20220
What is 1020 (base 4) in base 5?
242
Convert -1001131 (base 4) to base 15.
-1394
Convert -1033201 (base 4) to base 2.
-1001111100001
-20001000 (base 3) to base 14
-1865
What is 32bb (base 13) in base 3?
100201100
Convert 4ead (base 15) to base 2.
100000110101101
Convert -545 (base 12) to base 3.
-1001122
What is -f51 (base 16) in base 2?
-111101010001
What is -1011001110101 (base 2) in base 9?
-7787
1008 (base 16) to base 2
1000000001000
53 (base 12) to base 14
47
Convert -25121 (base 7) to base 3.
-100000202
43634 (base 7) to base 6
122412
What is 110202 (base 3) in base 2?
101011000
Convert -1995 (base 15) to base 11.
-4187
203455 (base 7) to base 8
104077
What is -845 (base 10) in base 6?
-3525
-1556 (base 8) to base 15
-3d8
What is 1a2 (base 13) in base 14?
177
Convert af8 (base 16) to base 15.
c73
What is -3166 (base 7) in base 16?
-466
-1030 (base 11) to base 7
-3656
What is -11100010001 (base 2) in base 15?
-809
What is 2e (base 16) in base 3?
1201
1014 (base 6) to base 15
101
Convert -13215 (base 7) to base 2.
-110111010100
-210211022 (base 3) to base 14
-5b27
What is -11321011 (base 4) in base 13?
-aca5
-22300303 (base 4) to base 6
-540031
Convert 5541 (base 7) to base 9.
2650
35531 (base 7) to base 3
110121012
Convert -1177 (base 13) to base 14.
-c80
-513 (base 6) to base 8
-275
Convert -73 (base 13) to base 10.
-94
What is -23352 (base 6) in base 3?
-11122012
Convert -50 (base 13) to base 12.
-55
What is 11000000011 (base 2) in base 14?
7bd
44a6 (base 13) to base 16
2580
28497 (base 11) to base 14
10aa4
-43c (base 15) to base 14
-4c5
Convert 1388 (base 9) to base 6.
4512
Convert 27078 (base 13) to base 15.
167a0
Convert 40112 (base 5) to base 6.
15420
Convert 136115 (base 7) to base 10.
26129
6a48 (base 14) to base 12
a848
1208 (base 11) to base 8
3055
What is 3230 (base 5) in base 3?
121022
What is -1897 (base 13) in base 4?
-321121
What is 2334 (base 12) in base 14?
1608
What is -1250 (base 8) in base 4?
-22220
What is 67a9 (base 14) in base 10?
17985
-3489 (base 13) to base 9
-11110
What is -836 (base 10) in base 15?
-3ab
-1112100 (base 3) to base 9
-1470
What is -28a2 (base 13) in base 9?
-8051
-41163 (base 9) to base 14
-9c47
21013 (base 4) to base 7
1462
What is 212220 (base 3) in base 11?
537
Convert -6336 (base 8) to base 4.
-303132
Convert 6a5 (base 16) to base 7.
4650
Convert 63db (base 14) to base 16.
435d
What is 401112 (base 6) in base 8?
75204
Convert -534030 (base 6) to base 7.
-241155
-2024 (base 7) to base 16
-2c0
Convert -2230 (base 5) to base 13.
-1b3
Convert -159a (base 14) to base 3.
-12021222
What is -10333 (base 4) in base 6?
-1251
Convert 1024 (base 8) to base 13.
31c
What is 1251 (base 6) in base 9?
384
Convert -2015 (base 6) to base 2.
-110111011
-1121220100 (base 3) to base 7
-162210
1001010 (base 2) to base 14
54
What is 3132 (base 4) in base 5?
1342
-d3ce (base 16) to base 9
-82336
-50042 (base 7) to base 9
-17452
27c47 (base 13) to base 11
51048
705 (base 10) to base 3
222010
Convert e021 (base 15) to base 3.
2101212011
132 (base 9) to base 15
75
15537 (base 8) to base 5
211012
Convert 3187 (base 16) to base 7.
51652
321231 (base 4) to base 5
104233
Convert -1053 (base 8) to base 10.
-555
Convert -478 (base 10) to base 15.
-21d
Convert 11462 (base 12) to base 8.
55112
Convert 1257 (base 8) to base 6.
3103
What is -1144 (base 5) in base 13?
-105
Convert -2000221 (base 3) to base 14.
-77d
What is -100021201 (base 3) in base 9?
-10251
c27 (base 14) to base 12
146b
What is -53106 (base 8) in base 11?
-15659
What is -78a6 (base 15) in base 6?
-314233
What is -2ba (base 14) in base 10?
-556
1120020200 (base 3) to base 14
b31c
Convert -243 (base 5) to base 8.
-111
Convert 45541 (base 7) to base 2.
10110101001001
What is -a89e (base 15) in base 4?
-20231303
Convert -10094 (base 11) to base 10.
-14744
What is -37a6 (base 11) in base 16?
-135c
9862 (base 13) to base 3
1002002101
What is -2502 (base 12) in base 4?
-1001102
What is -10123001 (base 4) in base 13?
-8324
Convert 333005 (base 6) to base 16.
6cdd
Convert -9d9 (base 14) to base 11.
-1518
What is 1242 (base 6) in base 11?
266
647 (base 9) to base 14
29b
Convert -123450 (base 6) to base 10.
-11190
What is 231 (base 6) in base 14?
67
-203023 (base 4) to base 14
-b6b
What is 7673 (base 8) in base 6?
30351
-1121123 (base 4) to base 8
-13133
Convert 1130103 (base 4) to base 3.
22002210
-25298 (base 10) to base 13
-b690
Convert -a (base 14) to base 11.
-a
Convert 13102 (base 4) to base 16.
1d2
Convert -252515 (base 6) to base 3.
-1011002002
Convert 77 (base 13) to base 2.
1100010
-14425 (base 7) to base 15
-12ad
What is -2489 (base 12) in base 4?
-1000221
Convert 2503 (base 11) to base 9.
4433
